n divisor of 107515661 and 209?
209
What is the greatest common divisor of 1220631924 and 846?
282
Calculate the greatest common factor of 7373041 and 91.
13
What is the greatest common divisor of 8280 and 142941320?
920
Calculate the greatest common divisor of 194157 and 354756.
2397
Calculate the highest common divisor of 437561 and 809757.
769
Calculate the greatest common divisor of 9541 and 18081007.
203
Calculate the highest common divisor of 40313 and 157708.
443
What is the greatest common factor of 145928 and 8740584?
5032
What is the highest common divisor of 477 and 27691083?
9
What is the greatest common factor of 6378 and 17601154?
2126
Calculate the highest common factor of 3639 and 237453.
3
What is the highest common factor of 567 and 8995707?
63
What is the highest common divisor of 561946 and 7749?
287
Calculate the highest common factor of 3097 and 519973.
19
Calculate the greatest common factor of 63 and 82299315.
21
Calculate the greatest common factor of 19668 and 194521437.
4917
Calculate the highest common divisor of 377579935 and 610.
305
What is the highest common factor of 90891303 and 7278?
3639
What is the greatest common divisor of 4053 and 3766084077?
4053
Calculate the highest common factor of 1278023494 and 22.
22
What is the highest common divisor of 23227120 and 70210?
4130
What is the greatest common divisor of 1424955 and 2690625?
4305
Calculate the highest common divisor of 39695415 and 120.
15
What is the greatest common divisor of 1394824 and 223096?
632
What is the highest common divisor of 11178 and 5128839?
1863
What is the greatest common factor of 4305258 and 234423?
549
What is the greatest common divisor of 145122 and 2760206?
722
Calculate the greatest common divisor of 14666010 and 82990.
430
What is the highest common factor of 5011352 and 244736?
1912
What is the greatest common factor of 4566155 and 15455?
55
What is the greatest common divisor of 10296 and 162396?
468
What is the greatest common divisor of 462113820 and 2394?
2394
Calculate the highest common divisor of 354969615 and 11.
11
What is the highest common factor of 1168 and 473046278?
146
Calculate the greatest common divisor of 31 and 34455229.
31
Calculate the greatest common divisor of 460 and 966667.
23
What is the greatest common factor of 4504825 and 766090?
5395
Calculate the greatest common divisor of 499 and 146207.
499
What is the highest common factor of 2919036 and 1452548?
2788
Calculate the highest common divisor of 91326 and 16750956.
2946
What is the highest common divisor of 65492 and 19715431?
2339
What is the highest common factor of 7140603 and 51624?
717
What is the highest common divisor of 39792760 and 79994?
1702
Calculate the highest common divisor of 69620 and 640.
20
What is the greatest common divisor of 55161516 and 40908?
5844
Calculate the highest common factor of 90429185 and 2702.
1351
What is the greatest common factor of 65 and 228125?
5
What is the highest common divisor of 300522508 and 120681?
13409
What is the highest common divisor of 30 and 712421070?
30
What is the highest common factor of 500 and 669076?
4
Calculate the greatest common divisor of 1185282 and 9660.
966
What is the greatest common factor of 4020 and 80340?
60
What is the greatest common factor of 10998 and 17994561?
1833
Calculate the highest common divisor of 1630342858 and 433.
433
What is the greatest common divisor of 10912 and 779712?
992
What is the highest common factor of 1691531 and 133?
1
What is the greatest common factor of 3496596 and 11256?
804
Calculate the greatest common divisor of 2368593 and 3164.
113
Calculate the greatest common factor of 186 and 93278690.
62
What is the highest common divisor of 671709810 and 954?
318
What is the highest common factor of 2051151 and 110643?
8511
What is the greatest common factor of 11384622 and 31302?
846
What is the highest common factor of 1957942 and 1134?
14
What is the greatest common factor of 22065657 and 2292?
573
What is the greatest common divisor of 75059328 and 3?
3
What is the greatest common factor of 44334 and 15938894?
1642
What is the highest common factor of 19 and 7121561?
19
What is the highest common factor of 3007095 and 84735?
105
What is the highest common factor of 515690 and 281218?
742
Calculate the highest common divisor of 94 and 18080806.
94
Calculate the greatest common factor of 116282 and 40003202.
2194
What is the greatest common factor of 2328466 and 6734?
14
What is the greatest common factor of 26 and 6320267798?
26
What is the greatest common divisor of 54206680 and 33?
11
What is the greatest common divisor of 1843 and 3145031?
97
Calculate the greatest common divisor of 43954686 and 4689.
4689
Calculate the highest common divisor of 308696 and 692.
4
What is the greatest common factor of 16831729 and 1922?
31
Calculate the greatest common divisor of 111 and 13248849.
111
What is the highest common divisor of 134487 and 16681369?
4981
Calculate the highest common divisor of 134713 and 1003767.
107
What is the greatest common divisor of 10204885 and 20855?
485
What is the highest common factor of 10337677 and 4459?
343
What is the highest common factor of 113631 and 154791?
147
What is the greatest common factor of 27032614 and 28?
14
What is the highest common divisor of 19775 and 1651495?
565
What is the greatest common divisor of 1102 and 10463171?
29
What is the highest common factor of 17612553 and 903?
21
Calculate the greatest common factor of 174254635 and 15735.
5245
Calculate the greatest common factor of 2595832 and 7140.
68
What is the highest common factor of 1163501766 and 938?
938
What is the greatest common factor of 3673905 and 143530?
2315
Calculate the greatest common divisor of 5597 and 1131173.
193
Calculate the greatest common divisor of 18110517 and 498.
249
Calculate the greatest common divisor of 72716 and 8096704.
1484
What is the highest common factor of 648 and 225668832?
24
What is the greatest common divisor of 817035 and 120?
15
What is the highest common divisor of 168 and 919498776?
168
What is the highest common divisor of 10680 and 54473340?
5340
Calculate the highest common factor of 272 and 358176.
16
Calculate the highest common divisor of 125309334 and 347.
347
Calculate the highest common divisor of 1828060 and 108758.
2314
What is the highest common factor of 63862 and 15614?
74
What is the greatest common divisor of 161 and 29172878?
161
Calculate the greatest common divisor of 5472 and 3632724.
684
What is the highest common factor of 484027 and 107?
1
What is the greatest common divisor of 5032 and 37823657?
629
Calculate the highest common divisor of 64612735 and 1790.
895
Calculate the highest common divisor of 616824908 and 28.
28
What is the greatest common factor of 1043 and 752094?
7
What is the highest common factor of 5988 and 7647674?
998
What is the highest common factor of 2474822 and 70?
14
Calculate the highest common factor of 98445820 and 40.
20
What is the highest common divisor of 276 and 1464432?
12
What is the highest common factor of 2408403843 and 171?
171
What is the greatest common factor of 19503 and 7738357?
2167
Calculate the highest common divisor of 4535 and 9435521.
907
Calculate the greatest common factor of 323163 and 17091.
27
Calculate the greatest common factor of 630 and 52348590.
630
Calculate the greatest common factor of 168531603 and 69.
69
What is the greatest common factor of 669976 and 512?
8
What is the highest common divisor of 170 and 1334296?
34
Calculate the highest common divisor of 5683371 and 27.
3
Calculate the highest common divisor of 348 and 23284.
4
What is the highest common factor of 2009464 and 529?
23
Calculate the greatest common factor of 2352829 and 1133.
103
Calculate the greatest common factor of 23088 and 1816737.
1443
What is the highest common factor of 14875 and 243635?
35
Calculate the highest common divisor of 43512 and 195608.
392
What is the highest common divisor of 335225140 and 4360?
2180
What is the greatest common factor of 29334474 and 5616?
702
What is the highest common factor of 34552 and 20496?
56
Calculate the highest common divisor of 1071856 and 591232.
496
Calculate the greatest common factor of 6